est common divisor of 56 and q?
14
Let g be (-11 - 5)*(-2)/4. Suppose -g*s - 63 = -9*s. What is the highest common factor of s and 7?
7
Let c be 728/24 + 3/(-9). What is the greatest common factor of 12 and c?
6
Let x = 48 - 14. What is the greatest common factor of x and 102?
34
Let o be 12*(-3 - 10/(-4)). Suppose -6*z = 2*k - 3*z - 28, -3*z + 36 = 3*k. Let i = o + k. What is the highest common divisor of i and 18?
2
Suppose -2*x - o + 95 = -0*o, 65 = x - 3*o. Calculate the highest common factor of 20 and x.
10
Let b be -1 + (-2)/(4/(-6)). Let t = -11 + 13. Suppose 0 = t*n - 34 - 2. What is the greatest common factor of b and n?
2
Let y be 119 - (1 + 4) - (-2 + 0). What is the greatest common factor of 29 and y?
29
Let d be 35/11 - 4/22. Let z be (-696)/(-18) - (-1)/d. Suppose p = 4*h + 13, 0 = 4*p + 4*h - 21 - 31. Calculate the greatest common factor of z and p.
13
Suppose -v + 0*v + 5 = 0. Suppose 3*h - 13 = 2. What is the greatest common divisor of v and h?
5
Let s be 2/(-12) - (-1015)/42. Calculate the greatest common divisor of 24 and s.
24
Let m(z) be the second derivative of 0 - 2*z**2 + 2*z + 2/3*z**3. Let p be m(3). Calculate the highest common factor of p and 56.
8
Let w = 199 - 73. What is the highest common factor of w and 14?
14
Let k(v) = v**2 + 3*v + 4. Let o be k(-4). Suppose w - o = -w. Calculate the greatest common divisor of w and 44.
4
Let a = 6 + 9. Let u be (-15)/(4/(-16)*6). What is the greatest common divisor of u and a?
5
Let w(x) = -x + 13. Let k be w(5). Calculate the greatest common factor of 2 and k.
2
Suppose -3*q - 28 = -4*u, 0*u - 3*u = q - 8. Let y = u + 10. Let x be (-1 - -99)*(-2)/(-2). What is the highest common factor of y and x?
14
Suppose 3 + 17 = 5*s. Calculate the highest common factor of s and 44.
4
Let l = -6 - -14. Suppose -165 - 51 = -3*r. What is the greatest common factor of r and l?
8
Suppose -5*k - 3*s + 9 - 129 = 0, 5*s = -25. Let a = k - -48. What is the greatest common factor of a and 3?
3
Let a = -7 + 10. Let g(x) = -1 - x**3 + 2*x**2 + 3*x**a - 3 + x**2. Let n be g(3). Calculate the highest common divisor of n and 7.
7
Let y(a) = 2*a. Let u be y(-1). Let f = 8 + u. Calculate the greatest common divisor of 18 and f.
6
Let s(w) = -w**3 - w**2 + w + 3. Let f be s(-2). What is the highest common divisor of 20 and f?
5
Suppose 44 = 4*s + 4*w, -2*w + 0 = 2. Suppose -2*q - 5 = -1, -5*u + q + 542 = 0. Calculate the highest common divisor of s and u.
12
Suppose -2*f = -f - 3*n + 13, 0 = -2*n + 10. Suppose -5*b - 4*q = -1540, 4*b + f*q = 3*q + 1232. What is the highest common divisor of b and 28?
28
Suppose 4*a = -14 + 2. Let w = 18 + a. What is the highest common divisor of 75 and w?
15
Suppose -2*o = 3*o - 300. What is the greatest common divisor of 24 and o?
12
Suppose -15 = -l + 25. Suppose 2*t = t + l. Let g(d) = 17*d - 1. Let w be g(1). Calculate the greatest common factor of w and t.
8
Suppose 3 = -t - 3. Let i(z) = z**3 + 6*z**2 + 3. Let b be i(t). Suppose -16 = -b*n + 32. What is the highest common factor of n and 16?
16
Let b = 210 - 140. Let m be (1 + (-2 - -1))/(-2). Suppose m = -3*n + 3*f + 15, 3*n + 45 = 5*n + 5*f. Calculate the greatest common divisor of b and n.
10
Suppose -z - 3*v - 36 = -4*z, -76 = -4*z - 3*v. Calculate the highest common factor of 4 and z.
4
Let d = -10 + 15. Suppose 4*b + b - 20 = 5*y, d = -5*y + 2*b. What is the greatest common divisor of 11 and y?
1
Suppose 0 = 2*d + 1 - 13. Suppose 1512 = d*r + r. What is the greatest common divisor of r and 27?
27
Let h(k) = -k + 4. Let i be h(3). Suppose 5*q + i = 16. Suppose 0 = q*n - 5*n + 196. Calculate the highest common divisor of 14 and n.
14
Let u = -17 - -25. Let i(m) = 19*m - 1 + 4 - u. Let o be i(5). What is the greatest common factor of 10 and o?
10
Let q(i) = 2*i**2 - 6*i - 6. Let p(g) = -2*g**2 + 7*g + 6. Let m(r) = -6*p(r) - 5*q(r). Let h be m(7). Calculate the highest common factor of 24 and h.
8
Let k be 303/12 + 2/(-8). Suppose 3*u - 5*u = -3*p + 24, 0 = p + 5*u - k. Let v be p/4*(-6)/(-1). Calculate the highest common divisor of 120 and v.
15
Suppose d - g = 10, 5*g + 5 = -2*d - 3. Let k = d + -3. Suppose -4*u = -5*c - 80, 4*u + 5*c = 20 + 20. What is the highest common divisor of k and u?
3
Let i(g) = 4*g**2 + 5*g - 4. Let w be i(-6). Calculate the highest common divisor of w and 44.
22
Suppose 5*a - 6 + 1 = 0. Suppose 5*u = -p + 12, -5*p - a = -3*u - 61. What is the greatest common factor of p and 48?
12
Let t be (3 - 5)/(1 - 2). Let c be (t - -1)*34/3. Suppose 5*w - c = x - 4*x, -2*w = -10. What is the greatest common factor of 15 and x?
3
Let a = 7 + -6. Let j(l) = 3*l**2 + 2*l - 1. Let y be j(a). Suppose -4*x = y, 2*h - 2*x - 26 = -6. Calculate the highest common factor of h and 72.
9
Let r = -27 + 37. Calculate the highest common divisor of r and 80.
10
Let o be (-1)/3*15/(-1). Suppose -o*x - 3 + 38 = 0. Suppose 2*g - g - x = 0. What is the highest common divisor of g and 21?
7
Let l = 49 + -21. Let a = l + -17. Calculate the greatest common factor of 1 and a.
1
Let x = 53 + -23. What is the highest common factor of 6 and x?
6
Let g be -3*(320/12)/(-2). Calculate the greatest common factor of 16 and g.
8
Let z be (-10 + 12)/(2/3). Suppose s + 137 = 5*t - 198, 3*t - 173 = -5*s. Suppose -3*i - t = -5*i. What is the greatest common factor of z and i?
3
Suppose b - 4*q - 77 = -9*q, -2*q = -2*b + 154. Suppose f - v - 4 = 5, v = -4*f + 26. Calculate the highest common factor of f and b.
7
Suppose -106*z + 103*z = -102. Calculate the highest common divisor of 17 and z.
17
Let m = 41 + -13. Let h = -16 + m. What is the highest common divisor of h and 2?
2
Let l(c) be the second derivative of c**5/20 - 2*c**4/3 + 2*c**3 - c**2 + 2*c. Let g be l(7). Calculate the greatest common factor of g and 11.
11
Let j = 51 + -41. Calculate the greatest common factor of 4 and j.
2
Let f be (-1)/(-5) + 29/5. Suppose -u = -f*u + 10. Let n be 55*1*(u + -1). Calculate the highest common factor of n and 5.
5
Suppose 5*b = 2*w - 11, 3*w = 2*w - 5*b + 13. Calculate the greatest common factor of 12 and w.
4
Let n(b) = -b**3 + 5*b**2 - 5*b + 6. Let d be n(4). Suppose d*j - 5*r - 1 = 0, -3*j - 3*r = -2*r - 44. Calculate the highest common factor of j and 13.
13
Let k be 162/42 + (-2)/(-14). Let m(h) = -h**3 + 4*h**2 + h + 4. Let y be m(k). Calculate the highest common divisor of 56 and y.
8
Let g be 1/1 + -76 + 13. Let f = 122 - g. What is the greatest common divisor of f and 23?
23
Let w = 60 + 0. Calculate the greatest common divisor of w and 30.
30
Suppose -2*g = 4*d - 40, 0 = -2*g - g + 2*d + 92. Calculate the greatest common factor of 70 and g.
14
Suppose -4*r - 352 = -3*f, -f + r = 4*f - 598. Let j = -2 + 5. Suppose -j*d + 57 = 3*o, -5*o = -o - 16. What is the highest common factor of d and f?
15
Let y(c) = c**3 - 11*c**2 + 9. Let v be y(11). Calculate the highest common factor of 6 and v.
3
Let t(p) = -p**2 + 9*p + 5. Let u be t(5). Let s = 26 - 15. Let l = s + -1. Calculate the highest common factor of l and u.
5
Suppose 6*h - 136 = 4*h. Calculate the highest common divisor of 34 and h.
34
Let o = 0 - 1. Let p be 1 + o + (3 - 0). Calculate the greatest common divisor of 3 and p.
3
Suppose 27 = -3*y - 45. Let w = 26 + y. Calculate the greatest common factor of w and 1.
1
Let v(c) = c**2 - 4*c + 3. Let z be v(3). Suppose 288 = 3*a - z*a. Suppose -4*n + 60 = n. What is the greatest common factor of n and a?
12
Suppose 0 = 3*d + 5*m - 790, 2*d - 396 - 156 = 3*m. Calculate the highest common divisor of d and 30.
30
Let u(a) = -a**3 - 5*a**2 + 4*a - 8. Let s be u(-6). Suppose -b + 31 = q, 6*q - 175 = q - b. Calculate the highest common divisor of s and q.
4
Let k be 44 + 2 - (2 + (-5 - -1)). What is the highest common divisor of 16 and k?
16
Suppose -5*b - m = -37, -4*b = 3*m - 7*m - 44. What is the greatest common divisor of 40 and b?
8
Suppose -3*a + 24 = -3. Let s be 5 + -2 - 4/(-2). Suppose 15 = 5*q, 2*o - s*q = 25 - 4. Calculate the greatest common divisor of a and o.
9
Let f be (-1)/(12/(-256)) + 4/(-12). What is the highest common divisor of f and 9?
3
Suppose -4*j + 21 = -j. Suppose 4*z + 5*f - 31 = 0, -2*z - f + 38 = -3*f. Suppose -7*l + z = -5*l. What is the highest common divisor of l and j?
7
Let j be (-1)/(2/10*-